git of q?
1
Let c = 22 + -12. What is the units digit of c?
0
Let u = 34 - 23. Let b be 1*2*u/2. Suppose a - 4 = -q, q = -b*a + 6*a - 4. What is the units digit of q?
6
Let o(t) = -t**2 - 12*t - 10. Let u = 2 + -12. What is the units digit of o(u)?
0
Let l be 2 - 1*(-3)/3. Let j(o) = -3*o**l + 4*o**3 + 0*o - 8 - 2*o + 8*o**2. What is the units digit of j(-8)?
8
Let s = 46 + -33. Suppose 7*o = 3*o. Suppose h - s = -o*h. What is the tens digit of h?
1
Let d(y) = 2*y**2 + 3*y - 1. Let z be d(5). Suppose 5*f + z = 4*b - 19, 12 = -4*f. Let u = b - 8. What is the units digit of u?
9
Suppose 15 = -3*t, 4*t = 2*b - 96 + 4. What is the units digit of b?
6
Let y = -2 - -7. Let n = y + -3. What is the units digit of n?
2
Suppose 5*w + q - 844 = 0, -q = w + 2*q - 166. What is the units digit of w?
9
Let r(q) = q + 1. Let w be r(1). Let h = w + 7. What is the units digit of h?
9
Let s = -3 - -7. Let u = 4 - s. Suppose -4*d + 14 + 2 = u. What is the units digit of d?
4
Let l(p) = p**3 - 7*p**2 + 3*p - 7. What is the units digit of l(7)?
4
Let b be 142/14 + (-1)/7. Suppose b + 113 = -3*r. Let c = r + 58. What is the units digit of c?
7
Let z be 1/((-10)/4 - -3). Let m = 1 + z. What is the units digit of m?
3
Let a be (-2)/(-3) + (-14)/(-6). Suppose -2*m - 2*f = -5*m + 9, -3 = -f. Let r = m - a. What is the units digit of r?
2
Let j(b) = -47*b + 1. What is the tens digit of j(-1)?
4
Let y(o) = -o**2 + 11*o - 4. Suppose 3*x - 10 = -4*s + x, -5*x - 25 = 0. What is the tens digit of y(s)?
2
Let r(g) = g**2 + 4*g - 20. What is the hundreds digit of r(-14)?
1
Let z = -4 - -5. What is the tens digit of z*2 - (-1 + -19)?
2
Suppose -2 = -m + 4. Let l = m + 0. What is the units digit of l/(-4)*56/(-12)?
7
Let h(p) = -p**3 - 5*p**2 - p - 4. What is the units digit of h(-5)?
1
Let m(d) be the second derivative of d**5/30 - 5*d**4/24 + d**3/2 - d**2 + 3*d. Let n(v) be the first derivative of m(v). What is the units digit of n(3)?
6
Let j(d) = -d**3 + 13*d**2 - 23*d + 9. What is the units digit of j(10)?
9
Suppose 67 = 2*f - 57. What is the units digit of 1 + (2 - f)/(-4)?
6
What is the units digit of 1/(7/2) + 2840/56?
1
Let o be 6/4*(-6)/(-1). Suppose -o = l + 4*j, 4*l - 2*l - 12 = 2*j. Let b(n) = n**2 - 4. What is the units digit of b(l)?
5
Let l = 196 + -118. Suppose 5*v = n + 219, 0*v - l = -2*v - 2*n. What is the units digit of v?
3
Let f = -8 - 16. Let r = f + 47. What is the tens digit of r?
2
Let h be (72/(-42))/(2/(-161)). Suppose 0*m + m = 3*l + 39, 3*m = 2*l + h. What is the units digit of m?
8
Suppose -4*w = 0, 390 = -0*q + 3*q + 3*w. What is the tens digit of q?
3
Suppose -361 = -5*g + 429. What is the units digit of g?
8
Let l be ((-130)/(-25))/((-4)/(-10)). Let v(f) = -2*f + 2*f + 1 + l + f. What is the units digit of v(0)?
4
Let s(p) = -8*p - 1. Let m(a) = a**3 + 9*a**2 - 2. Let x(u) = -u**2 - 8*u - 9. Let q be x(-8). Let h be m(q). What is the tens digit of s(h)?
1
Suppose 2*v = -v - 27. Let z = v - -15. What is the units digit of (-6)/((-27)/z + 3)?
4
Let t(p) = -3*p - 3. Let l(c) = -c**2 + 5*c - 2. Let y be l(2). Suppose -y*n - n = 25. What is the units digit of t(n)?
2
What is the tens digit of (-1065)/(-25) - (-2)/5?
4
Let m(r) = -r**3 - 3*r**2 - r - 2. Let w be m(-3). Let a(d) = 5*d + 0*d - w + 3*d. What is the units digit of a(1)?
7
Let l = -20 + 24. What is the tens digit of 2*(-1)/(l/(-40))?
2
Let j = 137 + -67. Suppose -t - j = -5*t + 5*r, 5*t - 5*r - 85 = 0. Suppose -5*s = -t, -3*k + 0*k + s + 18 = 0. What is the units digit of k?
7
Let z(s) be the second derivative of 0 - 5/6*s**3 - s**2 - s + 1/12*s**4. What is the units digit of z(6)?
4
Let b = 45 - 90. Let i = 64 + b. What is the units digit of i?
9
Let y(i) = 2 + 2 - 2 + i**2 - 3. Let k be 16/9 - (-4)/18. What is the units digit of y(k)?
3
Let x = -37 + 75. What is the tens digit of x?
3
Let p(j) = 14*j**2 - 5*j + 5. What is the units digit of p(2)?
1
Let r be 8 + (6 - 2)/(-2). Let c = 1 + r. What is the units digit of c?
7
Let i(f) be the second derivative of -11*f**5/120 - f**4/24 + f**3/3 - 2*f. Let p(s) be the second derivative of i(s). What is the tens digit of p(-1)?
1
Let q = -45 + 88. What is the tens digit of q?
4
Let i(g) = 9*g - 6. Let r be i(5). Let n(z) = -z**3 - 12*z**2 + z + 15. Let p be n(-12). Suppose 0*k - r = -p*k. What is the units digit of k?
3
Let g(n) = n - 3. Suppose 4*r - 16 = -y, -r = -5*y - 4*r + 29. Suppose y*a = -a + 30. What is the units digit of g(a)?
3
What is the tens digit of 37*4/(4 + -2)?
7
Let i be (-1)/(1/(-39 + -1)). Let p = i + -24. Suppose -4*m + p = -0*m. What is the units digit of m?
4
Let s(b) = 69*b + 19. What is the tens digit of s(2)?
5
Suppose 9*y - 60 = 4*y. Suppose -5*r = -2*b - 30, 3*r = -4*b + 6 + y. Suppose 0 = -n + r*n - 5. What is the units digit of n?
1
Suppose 2*t - 4*c - 420 = -32, -t + 3*c + 194 = 0. What is the units digit of t?
4
Let s(z) = 17*z - 31. What is the hundreds digit of s(20)?
3
Let c be (-25)/(-10)*8/5. Suppose 0 = m + 5 - 1, 3*m = c*g - 32. Suppose 0 = -3*l + g*l - 42. What is the units digit of l?
1
Let k = 4 - 2. Suppose -3 = k*q - 5*q. What is the units digit of 21/5 + q/(-5)?
4
Suppose 3*v - 533 = 139. What is the tens digit of v?
2
Suppose -2*z + f = -f - 18, -2*z = -5*f - 27. Let n = z - -1. What is the units digit of n?
7
Let r(z) = 2*z**2 + z + 1. Let p be ((-6)/9)/(4/6). Let f be r(p). Suppose 33 = -f*y + 5*y. What is the tens digit of y?
1
Suppose -4*u + 75 = u - 5*t, 4*u = 3*t + 56. Suppose -8 - u = -f. What is the units digit of f?
9
Let a = 5 + -4. Let j be ((0 - 3) + 2)/a. Let d = 2 + j. What is the units digit of d?
1
What is the units digit of (170/(-4) + -1)*12/(-18)?
9
Let r = -94 - -172. Suppose 58 = -q + 5*q - z, -r = -5*q + 4*z. What is the tens digit of q?
1
Let o(s) be the first derivative of s**3/3 + 3*s**2/2 + 5*s + 3. What is the units digit of o(-5)?
5
Let l = -71 + 141. What is the units digit of l?
0
Let z(j) = j**2 - 7*j + 1. Let w be z(5). Let m be 1 + (-38 + 2)/(-2). Let s = m + w. What is the units digit of s?
0
Suppose -3*d - 4 = 6*x - 2*x, 0 = 2*x + 5*d + 16. Suppose -x*q + 61 = -3*n, 6*q - 2*q - 98 = -2*n. What is the units digit of q?
6
Let u(j) = 2*j + 26. What is the tens digit of u(0)?
2
Suppose q + 4*q = 15. Let i = 41 - q. What is the tens digit of i?
3
Suppose 5*s - 2*r = 224, 0 = -0*s + 4*s - 5*r - 186. What is the tens digit of (3/6)/(1/s)?
2
Let o = 8 - -2. Suppose 5*f - o = -4*a, f + 0*a + 3*a = 2. What is the units digit of f?
2
Suppose -3*u = -25 - 20. Suppose -2*j + u = -13. What is the tens digit of j?
1
Let c = 22 + -10. Let n = 63 - c. What is the units digit of n?
1
Let i = 14 + -13. What is the units digit of i?
1
Let d = 195 + -60. What is the hundreds digit of d?
1
Let n = 23 + 18. What is the units digit of n?
1
Let s be (-3 - -1)/(4/(-12)). Suppose 4*t - 16 - 16 = 0. Let m = t - s. What is the units digit of m?
2
What is the tens digit of (-30)/(-12)*204/15?
3
Let q(a) = -a**3 + 3*a**2 + a. Let i be q(3). Suppose 0 = -u + i, -g + 2*u = -u + 11. What is the units digit of g/((-10)/4 + 2)?
4
Suppose -2 = -5*w + 3. Let r = w - -17. What is the tens digit of r?
1
What is the units digit of 2/1 + (10/5 - -47)?
1
Suppose 0 = 2*r - 5*v - 10, -2*v = 2*r + 4 - 0. Suppose -4*w + 2 + 14 = r. Suppose -w*q + 16 = g, -3*q + 8*q = 5*g - 30. What is the units digit of g?
8
Let y(r) = -r + 9. Let d be y(6). Suppose 0*j + d*j = 54. What is the units digit of j?
8
Suppose 11 + 5 = 4*l. Suppose -l*i - 25 = i. Let m(p) = -p**3 - 4*p**2 + 4*p + 3. What is the units digit of m(i)?
8
Let c(w) = w**3 - 6*w**2 + w - 1. Let x be c(6). Suppose -x*b + 17 + 48 = 0. What is the units digit of b?
3
Let z(y) = -52*y - 1. What is the units digit of z(-1)?
1
Let r = -82 - -142. Suppose -2*v = -4*w - 7 + 33, -1 = -4*w - 3*v. Suppose -k = -w*k + r. What is the units digit of k?
0
Suppose -5208 = 6*v - 20*v. What is the units digit of v?
2
Suppose 4*h - 172 = -4*r, -h + 29 = -5*r - 2. What is the units digit of h?
1
Suppose 2*n + 8 = -6*h + 3*h, 3*h + 1 = 5*n. What is the units digit of 2 - (-3 - -2) - n?
4
Let r be 5/15*1*21. Let f = r - 0. What is the units digit of f?
7
Let a = -13 - -16. Suppose -a*n + 83 - 29 = 0. What is the units digit of n?
8
Suppose 5*i - 178 = 182. What is the unit